 when q is divided by 36?
32
Let s = 16 + -9. Suppose -3*p + 2 = -s. Suppose 42 = p*j - 6. Calculate the remainder when 31 is divided by j.
15
Suppose -2*q = -0*q - 34. What is the remainder when 66 is divided by q?
15
Let y = 88 - 35. Suppose 0 = -3*p - 0*p + 54. Calculate the remainder when y is divided by p.
17
What is the remainder when (-1 + -9)/((-2)/11) is divided by 1 + 4 + (-4 - -2 - -11)?
13
Let x(h) = 46*h**2 + h - 2. Calculate the remainder when x(1) is divided by 24.
21
Let k be -3*(-2)/(1 + 1). Let x(f) = f**3 + 7*f**2 + f. Let m be x(-6). Calculate the remainder when 28 is divided by (k/6)/(1/m).
13
Suppose -2*o - 3*o + 30 = 0. Let d be (1/(-2))/(2/(-400)). What is the remainder when (d/6)/5*3 is divided by o?
4
Let c(m) be the second derivative of m**4/6 + m**3/3 - 3*m**2/2 + m. Suppose 2*k = -2*k + 52. What is the remainder when c(4) is divided by k?
11
What is the remainder when 39 + (-7 - -5)*(-9)/(-6) is divided by 13?
10
Let x = 3 - -12. Let i be ((-12)/2)/(-2) + 1. Suppose -44 = 3*v - i*v. What is the remainder when v is divided by x?
14
Let h(k) = 2*k**3 - k**2 - 4*k + 3. Suppose 4*v - 3*o = -4 + 9, 0 = -4*v - 3*o + 11. What is the remainder when 13 is divided by h(v)?
6
Let v = 47 - 9. Calculate the remainder when v is divided by 14.
10
Let n be (2 - 0)/1*-2. Let c be 0/2 - (1 + 1). Let a = c - n. Calculate the remainder when 4 is divided by a.
0
Let h be ((-18)/15)/(1/(-10)). Suppose -b = b + h. Let r(a) = -a**3 - 5*a**2 + 4*a + 4. Calculate the remainder when r(b) is divided by 6.
4
Let z = -101 + 210. Calculate the remainder when z is divided by 28.
25
Let a(m) = m**3 - 2*m**2 + m. Let g be a(2). Suppose 2*w - 3*w = -g. Suppose -r - 5*b + 2 = 26, -4 = r + b. Calculate the remainder when w is divided by r.
0
Let t = 134 - 400. Calculate the remainder when 27 is divided by t/(-18) - (-18)/81.
12
Let x = -138 - -225. Calculate the remainder when x is divided by 30.
27
Suppose -22 = -3*g + g. Let d be 2/(-3) - (-261)/27. Suppose 5*c - g = d. What is the remainder when c is divided by 2?
0
Let r(m) = -m**3 - 7*m**2 - 8*m + 6. Calculate the remainder when r(-6) is divided by 2 - (-4 + 7) - -11.
8
Suppose 10 = j - 0. What is the remainder when 47 is divided by j?
7
Suppose 5*n + 10 = 7*n. Suppose 5*u = -5*o + 35, -2*u + 5*u - 5 = n*o. Let h(s) = 4*s**2 - s - 2. What is the remainder when 35 is divided by h(o)?
11
Let p = -7 - -12. Suppose g = c + 11, c + g + 20 = 5*g. Let n = c - -16. Calculate the remainder when n is divided by p.
3
Suppose -3*m = -2*x + 106, -65 + 12 = -x - 5*m. Calculate the remainder when x is divided by 14.
11
Suppose -3*u + 3*t = -306 - 93, 2*u - 301 = -5*t. Let a = -80 + u. Suppose -a - 102 = -5*i. Calculate the remainder when i is divided by 17.
15
Suppose -2*h + i = -15, h - 4*h + i = -25. Calculate the remainder when h is divided by 4.
2
Let l = -4 - -9. Let x = -11 + 16. Suppose 2*s - 3*s - 31 = -2*a, x*a - 3*s - 75 = 0. What is the remainder when a is divided by l?
3
Suppose 0 = 3*m - 3*v - 18, 18 = 2*m - 6*v + 2*v. Suppose -m*j - 2 + 23 = 0. Calculate the remainder when 20 is divided by j.
6
Let s(o) = -o + 11. Let y(w) = w**2 + w - 2. Let j be y(4). What is the remainder when j - ((1 - 2) + 2) is divided by s(5)?
5
Let s(l) = l**3 + 5*l**2 + l - 10. What is the remainder when 29 is divided by s(-3)?
4
Suppose -3*l - 20 = -4*l. What is the remainder when 37 is divided by l?
17
Let z = -1 + 89. Calculate the remainder when z is divided by 46.
42
Let f(i) = 8*i + 80 - 41 - 32. Suppose 2*n - 3*n + 1 = z, z = 2*n + 13. What is the remainder when f(z) is divided by 16?
15
Let d = 27 - 13. Let a(o) = -41*o**3. Calculate the remainder when a(-1) is divided by d.
13
Suppose -4 = -j - 0. Let l be (-3268)/(-28) - j/(-14). What is the remainder when 36 is divided by (-1)/2 - l/(-6)?
17
Suppose -3*r - 95 = 2*r. Let o = r + 70. What is the remainder when o is divided by 13?
12
What is the remainder when 17 - (4 - (0 + 4)) is divided by 9?
8
Let q = -24 + 39. Calculate the remainder when 176 is divided by q.
11
Let f(n) = n. Let z be f(-2). Suppose -80 + 5 = -5*l. What is the remainder when (-87)/z - (-6)/12 is divided by l?
14
Let z(j) = j**3 + 5*j**2 - 5*j + 7. Let q be z(-6). Suppose -7 - q = -2*m. Calculate the remainder when 13 is divided by m.
1
Let w = -8 - -18. What is the remainder when 38 is divided by w?
8
Let o(z) = -10*z - 3. Suppose h = -h + 66. What is the remainder when h is divided by o(-2)?
16
Let m(c) = -3*c**3 - 14*c**2 - 4*c + 4. Calculate the remainder when m(-5) is divided by 13.
10
Let x = 0 + 2. Let a = 18 - -2. Calculate the remainder when 39 + (-1)/x*2 is divided by a.
18
Suppose -15 = -3*q, -4*z = q + q - 114. Let m = -23 + z. Calculate the remainder when 11 is divided by m.
2
Suppose -9 = 5*z - 24. Let m be 2 - (-2)/4*0. Suppose -3*o + 35 = s, 5*s = -m*o + z*s + 30. Calculate the remainder when 19 is divided by o.
9
Suppose -2*n - 8 = -2*y, -2*y - 4 = -y + n. Suppose y = 4*l + l - 100. What is the remainder when 39 is divided by l?
19
Let k(f) = -12*f + 2. Let y be k(-3). Suppose 16 = -4*c - 4, 2*m + 4*c - y = 0. Calculate the remainder when m is divided by 10.
9
Suppose -2*t + 1 = -3*f + 30, 3*f - 59 = -4*t. Calculate the remainder when f is divided by (2*-1)/((-24)/84).
6
Let z be (-1)/3 + (-7)/(-3). Suppose z*c = -0*c + 28. Suppose -2*s + c = 4. Calculate the remainder when 9 is divided by s.
4
Suppose -3*g + 2*c + 21 + 26 = 0, 8 = -2*c. Calculate the remainder when g is divided by 8.
5
Suppose 35 = -3*y + 197. Calculate the remainder when 159 is divided by y.
51
Let y = -74 - -159. Suppose -p + 34 = 3*f - 7*f, -3*p + 5*f + 81 = 0. Calculate the remainder when y is divided by p.
19
Let d(k) be the first derivative of -1/3*k**3 + 11/2*k**2 - 5*k - 2. What is the remainder when 25 is divided by d(9)?
12
Let w(p) = p**2 - 6*p - 35. What is the remainder when w(16) is divided by 16?
13
Let m(j) be the third derivative of j**6/120 + j**5/15 + j**4/6 + j**3/2 - 2*j**2. Let s be m(-3). Calculate the remainder when 1 + 13 + 3 + s is divided by 9.
8
Let b(n) = 13*n**3 - 3*n**2 + 1. What is the remainder when b(1) is divided by 3?
2
Suppose 2*w + 2*w - 55 = -u, -4*u = -3*w + 65. Calculate the remainder when 29 is divided by w.
14
Suppose 484 = 15*b - 131. Let t = -11 + 22. Calculate the remainder when b is divided by t.
8
Let r(x) = -3*x - 6. Suppose 2*m + 16 = -0*m. What is the remainder when r(m) is divided by 10?
8
Let d(l) = 18*l**2. Let z be 3/1*-1 + 14. Suppose 115 = 2*r + z. Calculate the remainder when r is divided by d(-1).
16
Suppose 3*m = -m. Suppose -a - 33 = -2*n, -3*n - 3*a + 27 = -m*n. Calculate the remainder when 40 is divided by n.
12
Let n = 3 - -14. Calculate the remainder when 64 is divided by n.
13
Suppose 0 = 5*l + 4*g - 66, 4*g - g + 3 = 0. What is the remainder when 2/(-2)*-43 - 3 is divided by l?
12
Suppose -18*t + 115 = -65. What is the remainder when 27 is divided by t?
7
Let m(n) = -17*n - 15. What is the remainder when 46 is divided by m(-2)?
8
Let p(x) = -3*x**3 + 2*x + 2. Calculate the remainder when (-20)/(-2) + -1 + 2 is divided by p(-1).
2
Let u(y) = y**2 - 2*y + 9. What is the remainder when (-2)/4*(-144)/3 is divided by u(0)?
6
Let g be (8/(-10))/1*-5. What is the remainder when (93/6)/(g/8) is divided by 11?
9
Let j be (-6)/4*40/(-12). Suppose -j*x + 14 + 171 = 0. Let u = 9 + 10. What is the remainder when x is divided by u?
18
Let k = -5 - -14. What is the remainder when 52 is divided by k?
7
Let m(z) = -z**3 + 5*z**2 + 2*z - 4. Suppose 0 = -0*u + 3*u - 30. What is the remainder when 8/u*(-290)/(-4) is divided by m(4)?
18
Let f(m) = 2*m**2 - 4*m - 3. What is the remainder when f(-2) is divided by (-306)/(-42) - 4/14?
6
Suppose 2*f = 3*s + 15, -3*f - f - 3*s + 3 = 0. Let z(u) = -12*u**3 - 1. What is the remainder when z(-1) is divided by f?
2
Suppose 5*r + 11 = -4*w, 2*r + 0*r = w + 19. Let h = 2 - w. What is the remainder when h is divided by 4?
3
Let c(z) = -2*z + 4. Let f be -5 - -3*2/(-6). Let n be c(f). Suppose 0 = -4*s - 3*o + n, -3*s + s + 18 = 4*o. What is the remainder when s is divided by 1?
0
Let g be 3/(-2)*(-4)/2. Suppose 8 = g*p + 2. Let f(j) = -j**3 - 5*j**2 + 15*j + 9. Calculate the remainder when p is divided by f(-7).
0
Suppose